).
-448
Let p(y) = -4564*y - 73070. Calculate p(-16).
-46
Let d(h) = h**3 - 19*h**2 + 77*h - 46. Determine d(6).
-52
Let y(c) = 42939*c - 300575. Determine y(7).
-2
Let t(v) = 3*v**2 + 307184*v + 2150226. Determine t(-7).
85
Let f(k) = 4*k**3 + 147*k**2 - 91*k - 2002. Give f(-37).
-4
Let p(t) = -3059*t - 18303. Calculate p(-6).
51
Let q(n) = -452*n - 9569. What is q(-21)?
-77
Let q(r) = 342493*r + 1027483. Give q(-3).
4
Let d(n) = -524*n**2 - 1912*n - 998. Determine d(-3).
22
Let n(d) = 2*d**2 + 2422*d + 28921. Determine n(-12).
145
Let k(x) = 6*x**2 - 2147*x + 2143. What is k(1)?
2
Let i(f) = -2*f**3 + 53*f**2 - 287*f + 144. Give i(18).
486
Let x(b) = 3647*b - 696574. Determine x(191).
3
Let x(k) = -118283*k + 2129043. Calculate x(18).
-51
Let w(l) = 33*l**2 + 6496*l - 33273. Determine w(5).
32
Let n(o) = 11039*o - 485709. Calculate n(44).
7
Let l(d) = -943*d + 231860. Give l(246).
-118
Let o(k) = -39*k**2 - 4522*k + 193. Give o(-116).
-39
Let s(h) = h**3 + 89*h**2 - 1086*h + 367. Calculate s(-100).
-1033
Let g(j) = -2771*j - 12980. Calculate g(-6).
3646
Let l(f) = -2861747*f + 22893968. What is l(8)?
-8
Let u(i) = i**3 + 126*i**2 - 954*i - 3090. Give u(-133).
-31
Let f(v) = -v**3 + 6*v**2 + 40*v + 193. What is f(11)?
28
Let f(w) = -173*w + 5978. Determine f(37).
-423
Let m(n) = -2471*n + 17305. Determine m(7).
8
Let o(i) = -i**3 - 6*i**2 - 278*i + 1806. Calculate o(6).
-294
Let k(d) = 152*d + 4526. Determine k(-30).
-34
Let s(n) = 3*n**3 + 17*n**2 - 96*n + 95. Determine s(3).
41
Let c(m) = 443298*m - 24381380. What is c(55)?
10
Let y(l) = l**2 + 185*l + 4549. Give y(-152).
-467
Let f(o) = 197*o**2 + 993*o + 77. Calculate f(-5).
37
Let k(b) = 1919*b + 335822. Calculate k(-175).
-3
Let s(u) = 510*u**2 - 7142*u + 102. What is s(14)?
74
Let o(z) = -60944*z + 182820. Determine o(3).
-12
Let n(o) = -2*o**3 - 31*o**2 - 52*o - 483. Calculate n(-15).
72
Let p(u) = -u**3 - 11*u**2 + 5351*u + 10746. What is p(-2)?
8
Let g(q) = -q**3 + 38*q**2 - 144*q - 101. Determine g(16).
3227
Let v(a) = -2566*a + 374641. Give v(146).
5
Let u(j) = j**3 - 15*j**2 + 3228*j - 248892. Determine u(50).
8
Let u(n) = -573*n + 20649. Give u(36).
21
Let h(z) = 149*z**3 + 11*z**2 - 42*z + 5. Give h(2).
1157
Let v(i) = 1513*i - 8840. What is v(7)?
1751
Let m(i) = i**3 + 20*i**2 - 20*i - 767. Determine m(-19).
-26
Let v(k) = -k**3 - 4*k**2 + 659*k - 2528. What is v(4)?
-20
Let f(r) = r**3 + 114*r**2 + 3161*r + 787. Give f(-67).
-17
Let t(s) = -s**2 - 17526*s + 210477. Give t(12).
21
Let o(n) = 44818*n + 2106459. Determine o(-47).
13
Let b(q) = -112*q**2 + 30*q - 52. What is b(4)?
-1724
Let h(w) = -2*w**2 + 188*w + 185318. Give h(355).
8
Let x(r) = -r**3 - 1805*r**2 + 12678*r + 38. Give x(7).
-4
Let o(b) = 85*b - 2973. What is o(34)?
-83
Let q(u) = 26775*u + 160652. Calculate q(-6).
2
Let t(g) = 3*g**3 + 78*g**2 - 1566*g + 590. Calculate t(13).
5
Let k(y) = y**3 + 279*y**2 + 407*y + 35920. Calculate k(-278).
58
Let t(a) = a**3 + 50*a**2 + 620*a + 1872. What is t(-33)?
-75
Let g(y) = 925*y - 7386. Give g(8).
14
Let m(l) = -4*l**3 + 20*l**2 + 269*l + 6. Calculate m(-8).
1182
Let v(k) = -135*k**2 + 23349*k + 1041. Determine v(173).
3
Let o(d) = d**2 + 63*d - 12197. Give o(-140).
-1417
Let a(f) = 366*f**2 - 16*f - 58. What is a(3)?
3188
Let k(y) = -y**3 + 190*y**2 - 6107*y - 307. Give k(149).
-9
Let r(d) = 525*d**2 - 21*d + 5. Give r(-1).
551
Let x(l) = -12*l**3 - 79*l**2 + 141*l + 732. What is x(-7)?
-10
Let n(w) = 2*w**2 - 826*w - 11291. Determine n(427).
665
Let x(q) = -7*q**2 - 12664*q - 63198. What is x(-5)?
-53
Let d(z) = -z**3 + 49*z**2 - 496*z + 4139. What is d(39)?
5
Let h(b) = 83558*b - 1838277. Give h(22).
-1
Let j(l) = 285*l - 32895. Determine j(115).
-120
Let z(p) = 16*p**3 - 13255*p**2 + 5805*p - 7437. Give z(828).
15
Let i(o) = 6*o**3 + 904*o**2 - 1229*o - 394. Give i(-152).
1582
Let d(r) = 737*r**3 - 23*r**2 + 30*r - 6. Give d(1).
738
Let h(o) = 99*o**2 + 1216*o + 276. Determine h(-11).
-1121
Let s(o) = 3932*o - 1053782. Calculate s(268).
-6
Let s(a) = 35*a + 1265. Determine s(-31).
180
Let i(j) = 3*j**2 + 10500*j + 146414. Give i(-14).
2
Let m(x) = 2*x**2 - 4874*x + 2955533. Determine m(1302).
-7
Let g(z) = -z**3 + 15*z**2 - 42*z + 465. Determine g(21).
-3063
Let z(m) = -113471*m - 453855. Give z(-4).
29
Let m(d) = -2071*d - 1178405. Give m(-569).
-6
Let o(u) = -1020*u**3 - 126*u**2 + 125*u + 1. Give o(1).
-1020
Let m(t) = -t**3 - 93*t**2 + 170*t - 1600. Determine m(-95).
300
Let t(x) = x**2 + 239*x - 8686. What is t(32)?
-14
Let f(d) = -390*d**3 - 8*d**2 + 289*d - 282. Give f(1).
-391
Let g(c) = -15843*c + 1219907. Give g(77).
-4
Let t(v) = 212*v - 14003. Give t(63).
-647
Let g(h) = -h**3 + 151*h**2 + 2710*h - 5980. Calculate g(-18).
-4
Let q(b) = 24795*b + 495911. What is q(-20)?
11
Let r(f) = 16*f**3 - 306*f**2 + 337*f - 35. Determine r(1).
12
Let w(g) = g**3 + 2*g**2 + 1540*g + 3082. Give w(-2).
2
Let n(y) = 120416*y**3 + 842910*y**2 - 13*y + 12. Calculate n(-7).
5
Let z(b) = -19442*b - 233209. Calculate z(-12).
95
Let g(o) = 50*o**2 + 288*o - 7879. What is g(10)?
1
Let i(v) = 2*v**3 - 44*v**2 + 208*v - 84. Give i(5).
106
Let y(w) = w**3 + 2489*w**2 + 7462*w + 9. What is y(-3)?
-3
Let p(f) = 2*f**3 - 13*f**2 - 1690*f + 10070. Calculate p(6).
-106
Let t(z) = 154*z - 3421. Calculate t(22).
-33
Let z(a) = 40*a**3 + 423*a**2 - 1662*a. What is z(4)?
2680
Let p(r) = 2*r**3 - 129*r**2 - 5310*r + 763. What is p(93)?
-74
Let c(s) = 2244*s**2 + 51607*s - 33. Give c(-23).
82
Let p(y) = y**3 + 31*y**2 - 96*y - 2659. Determine p(-32).
-611
Let d(l) = l**3 + 710*l**2 + 2124*l + 3. Determine d(-3).
-6
Let m(s) = -144100*s - 6196302. Give m(-43).
-2
Let y(n) = -n**3 + 2390*n**2 - 23809*n - 4. What is y(10)?
-94
Let g(l) = l**3 - 420*l**2 + 403*l + 6723. Give g(419).
19
Let v(a) = 78*a**2 + 667*a - 35. What is v(-8)?
-379
Let i(m) = -m**3 + 189*m**2 - 30*m + 5628. What is i(189)?
-42
Let h(t) = -t**3 - 10*t**2 - 11*t - 117. What is h(-11)?
125
Let u(j) = 24171*j + 145460. Determine u(-6).
434
Let a(r) = r**2 - 208*r + 10714. What is a(93)?
19
Let s(u) = -2*u**2 + 130*u - 17. Determine s(50).
1483
Let z(q) = q**3 - 58*q**2 - 994*q + 119. Calculate z(-14).
-77
Let o(j) = -6*j**2 + 144538*j + 578278. Calculate o(-4).
30
Let v(q) = -3244039*q + 3244044. Give v(1).
5
Let z(n) = n**3 - 98*n**2 - 1450*n + 766. Calculate z(111).
-11
Let k(r) = 9*r**2 - 91*r + 219. Give k(8).
67
Let i(j) = 11149*j + 1460553. What is i(-131)?
34
Let k(f) = -3*f**2 + 144*f - 1255. What is k(12)?
41
Let s(o) = -37*o**2 - 98*o - 101. What is s(5)?
-1516
Let j(b) = -1491*b + 3008. Calculate j(2).
26
Let l(d) = -13271*d + 145984. What is l(11)?
3
Let l(h) = -4025*h - 120744. Give l(-30).
6
Let c(p) = 5*p**3 - 1557*p**2 + 19950*p + 4766. Calculate c(298).
-2
Let y(z) = 13*z**2 - 1184*z + 2350. What is y(2)?
34
Let c(s) = 4*s**3 - 235*s**2 + 614*s + 113. Determine c(56).
1
Let k(l) = 2*l**2 - 625*l - 216463. Calculate k(-208).
65
Let b(q) = 461*q - 122516. Determine b(265).
-351
Let w(o) = 12*o**2 + 553*o - 513. Determine w(-47).
4
Let d(k) = 260711*k**2 - 782138*k + 10. What is d(3)?
-5
Let r(q) = 12*q**3 - 115*q**2 + 163*q - 95. Calculate r(8).
-7
Let l(k) = k**2 - 17333*k - 104077. Give l(-6).
-43
Let i(m) = -m**3 + 10*m**2 + 3916*m - 57616. Calculate i(15).
-1
Let g(o) = 143*o**2 - 6448*o + 567. Calculate g(45).
-18
Let k(h) = -2*h**3 + 1005*h**2 + 1373*h + 70053. Determine k(504).
-3
Let k(t) = -836*t**2 - 159*t + 158. What is k(1)?
-837
Let d(t) = -2086*t - 56267. Calculate d(-27).
55
Let h(u) = -12*u**3 - 81*u**2 - 254*u + 23. Give h(-4).
511
Let y(k) = -4140*k**2 + 29045*k - 493. Determine y(7).
-38
Let u(w) = -111*w**2 + 1430*w - 1183. What is u(12)?
-7
Let r(b) = -b**3 + 68*b**2 - 993*b + 122. What is r(21)?
-4
Let k(l) = 124*l + 6865. What is k(-54)?
169
Let u(w) = -2*w**3 - 19910*w**2 - 258489*w + 37. Give u(-13).
-2
Let w(f) = f**3 - 190*f**2 + 7579*f + 124. Determine w(57).
10
Let v(u) = -19*u**2 + 381*u - 1570. Give v(5).
-140
Let z(s) = 1615*s - 151. Give z(0).
-151
Let c(g) = 2*g**3 + 26*g**2 - 6194*g - 68614. Give c(-11).
4
Let q(h) = 623*h + 230516. Calculate q(-370).
6
Let b(j) = -j**3 + 14*j**2 - 57*j + 769. Determine b(14).
-29
Let g(j) = -j**2 - 721*j - 91738. Calculate g(-165).
2
Let 